2066?
2
What is the ten thousands digit of 15868?
1
What is the units digit of 265?
5
What is the hundreds digit of 1995?
9
What is the tens digit of 4344?
4
What is the thousands digit of 2892?
2
What is the ten thousands digit of 148166?
4
What is the hundreds digit of 4926?
9
What is the tens digit of 609?
0
What is the units digit of 54802?
2
What is the units digit of 29381?
1
What is the ten thousands digit of 13739?
1
What is the tens digit of 4748?
4
What is the ten thousands digit of 88917?
8
What is the thousands digit of 1326?
1
What is the tens digit of 9018?
1
What is the units digit of 1481?
1
What is the thousands digit of 2739?
2
What is the tens digit of 1708?
0
What is the units digit of 12884?
4
What is the hundreds digit of 2468?
4
What is the hundreds digit of 50594?
5
What is the units digit of 280?
0
What is the units digit of 45444?
4
What is the ten thousands digit of 17551?
1
What is the hundreds digit of 17271?
2
What is the hundreds digit of 1494?
4
What is the tens digit of 1188?
8
What is the hundreds digit of 169204?
2
What is the units digit of 1805?
5
What is the tens digit of 8711?
1
What is the tens digit of 3170?
7
What is the thousands digit of 1943?
1
What is the tens digit of 2938?
3
What is the units digit of 69820?
0
What is the units digit of 4780?
0
What is the tens digit of 12536?
3
What is the units digit of 17634?
4
What is the units digit of 27390?
0
What is the units digit of 6281?
1
What is the hundreds digit of 2552?
5
What is the units digit of 1994?
4
What is the thousands digit of 27941?
7
What is the hundreds digit of 3852?
8
What is the thousands digit of 10120?
0
What is the thousands digit of 38359?
8
What is the ten thousands digit of 26139?
2
What is the units digit of 39553?
3
What is the hundreds digit of 178381?
3
What is the tens digit of 5467?
6
What is the units digit of 2737?
7
What is the ten thousands digit of 44124?
4
What is the units digit of 649?
9
What is the hundreds digit of 5618?
6
What is the tens digit of 4325?
2
What is the units digit of 21789?
9
What is the units digit of 7046?
6
What is the units digit of 17891?
1
What is the tens digit of 1066?
6
What is the hundreds digit of 2453?
4
What is the hundreds digit of 1350?
3
What is the thousands digit of 23407?
3
What is the units digit of 7612?
2
What is the tens digit of 101?
0
What is the ten thousands digit of 20187?
2
What is the units digit of 15670?
0
What is the hundreds digit of 3728?
7
What is the hundreds digit of 22636?
6
What is the tens digit of 2199?
9
What is the tens digit of 147?
4
What is the units digit of 6550?
0
What is the hundreds digit of 3474?
4
What is the hundreds digit of 433?
4
What is the thousands digit of 13801?
3
What is the tens digit of 15006?
0
What is the thousands digit of 2032?
2
What is the hundreds digit of 3213?
2
What is the units digit of 15084?
4
What is the units digit of 5562?
2
What is the thousands digit of 27756?
7
What is the hundreds digit of 162?
1
What is the ten thousands digit of 73949?
7
What is the hundreds digit of 907?
9
What is the units digit of 1837?
7
What is the units digit of 1837?
7
What is the thousands digit of 1396?
1
What is the hundreds digit of 1834?
8
What is the hundreds digit of 96894?
8
What is the hundreds digit of 972?
9
What is the tens digit of 864?
6
What is the tens digit of 4746?
4
What is the hundreds digit of 6588?
5
What is the tens digit of 39590?
9
What is the tens digit of 1456?
5
What is the units digit of 7286?
6
What is the units digit of 5023?
3
What is the units digit of 382?
2
What is the tens digit of 989?
8
What is the thousands digit of 104169?
4
What is the hundreds digit of 12678?
6
What is the tens digit of 33225?
2
What is the hundred thousands digit of 123817?
1
What is the thousands digit of 3233?
3
What is the units digit of 71908?
8
What is the tens digit of 1543?
4
What is the thousands digit of 5075?
5
What is the ten thousands digit of 39341?
3
What is the tens digit of 7553?
5
What is the hundreds digit of 133492?
4
What is the hundreds digit of 4216?
2
What is the thousands digit of 3857?
3
What is the units digit of 8323?
3
What is the tens digit of 591?
9
What is the units digit of 1080?
0
What is the tens digit of 55737?
3
What is the ten thousands digit of 36592?
3
What is the tens digit of 1444?
4
What is the units digit of 22151?
1
What is the units digit of 2723?
3
What is the units digit of 12994?
4
What is the tens digit of 93760?
6
What is the hundreds digit of 1238?
2
What is the tens digit of 470?
7
What is the units digit of 3271?
1
What is the tens digit of 389?
8
What is the hundreds digit of 1071?
0
What is the units digit of 9781?
1
What is the hundreds digit of 2604?
6
What is the units digit of 21988?
8
What is the tens digit of 61917?
1
What is the hundreds digit of 22908?
9
What is the thousands digit of 57074?
7
What is the hundreds digit of 15635?
6
What is the tens digit of 160982?
8
What is the tens digit of 5925?
2
What is the thousands digit of 1392?
1
What is the hundreds digit of 4188?
1
What is the hundreds digit of 24335?
3
What is the thousands digit of 83231?
3
What is the hundreds digit of 3992?
9
What is the units digit of 114?
4
What is the tens digit of 79633?
3
What is the units digit of 594?
4
What is the hundreds digit of 12177?
1
What is the units digit of 45698?
8
What is the tens digit of 178?
7
What is the tens digit of 10292?
9
What is the units digit of 6243?
3
What is the tens digit of 137?
3
What is the units digit of 152396?
6
What is the tens digit of 5085?
8
What is the tens digit of 174?
7
What is the hundreds digit of 573?
5
What is the ten thousands digit of 29287?
2
What is the tens digit of 712?
1
What is the units digit of 2608?
8
What is the units digit of 1594?
4
What is the units digit of 14707?
7
What is the tens digit of 9402?
0
What is the hundreds digit of 7570?
5
What is the hundreds digit of 116?
1
What is the ten thousands digit of 99628?
9
What is the tens digit of 1191?
9
What is the thousands digit of 5898?
5
What is the tens digit of 12779?
7
What is the thousands digit of 11001?
1
What is the hundreds digit of 9964?
9
What is the hundreds digit of 345?
3
What is the units digit of 13592?
2
What is the thousands digit of 5908?
5
What is the thousands digit of 177822?
7
What is the thousands digit of 2158?
2
What is the thousands digit of 5327?
5
What is the units digit of 2199?
9
What is the tens digit of 376?
7
What is the units digit of 769?
9
What is the tens digit of 27328?
2
What is the tens digit of 322?
2
What is the ten thousands digit of 12363?
1
What is the tens digit of 18878?
7
What is the tens digit of 2344?
4
What is the thousands digit of 3256?
3
What is the tens digit of 520?
2
What is the thousands digit of 33700?
3
What is the tens digit of 7346?
4
What is the hundreds digit of 30521?
5
What is the ten thousands digit of 90896?
9
What is the tens digit of 301?
0
What is the tens digit of 1996?
9
What is the hundreds digit of 7165?
1
What is the units digit of 39906?
6
What is the tens digit of 148?
4
What is the units digit of 1195?
5
What is the hundreds digit of 32466?
4
What is the tens digit of 4404?
0
What is the hundred thousands digit of 136573?
1
What is the thousands digit of 6775?
6
What is the thousands digit of 1422?
1
What is the thousands digit of 4088?
4
What is the tens digit of 1175?
7
What is the tens digit of 1805?
0
What is the tens digit of 1620?
2
What is the ten thousands digit of 15473?
1
What is the units digit of 5078?
8
What is the hundreds digit of 2330?
3
What is the hundreds digit of 983?
9
What is the hundreds digit of 1011?
0
What is the thousands digit of 10214?
0
What is the units digit of 20802?
2
What is the ten thousands digit of 21180?
2
What is the units digit of 361?
1
What is the hundreds digit of 1233?
2
What is the tens digit of 6402?
0
What is the tens digit of 7967?
6
What is the units digit of 859?
9
What is the units digit of 3229?
9
What is the hundreds digit of 5677?
6
What is the tens digit of 2045?
4
What is the hundreds digit of 3584?
5
What is the units digit of 378?
8
What is the thousands digit of 11988?
1
What is the units digit of 960?
0
What is the hundre